{"id":527,"date":"2022-05-04T16:25:26","date_gmt":"2022-05-04T13:25:26","guid":{"rendered":"https:\/\/demosites.royal-elementor-addons.com\/carwash-v1\/?page_id=13"},"modified":"2025-04-30T14:45:16","modified_gmt":"2025-04-30T11:45:16","slug":"hakkimizda","status":"publish","type":"page","link":"https:\/\/www.celikkardeslerauto.com\/?page_id=527","title":{"rendered":"Hakk\u0131m\u0131zda"},"content":{"rendered":"\t\t<div data-elementor-type=\"wp-page\" data-elementor-id=\"527\" class=\"elementor elementor-527\">\n\t\t\t\t\t\t<section class=\"elementor-section elementor-top-section elementor-element elementor-element-a1a84db elementor-section-height-min-height elementor-section-boxed elementor-section-height-default elementor-section-items-middle wpr-particle-no wpr-jarallax-no wpr-parallax-no wpr-sticky-section-no\" data-id=\"a1a84db\" data-element_type=\"section\" data-settings=\"{&quot;background_background&quot;:&quot;classic&quot;}\">\n\t\t\t\t\t\t\t<div class=\"elementor-background-overlay\"><\/div>\n\t\t\t\t\t\t\t<div class=\"elementor-container elementor-column-gap-default\">\n\t\t\t\t\t<div class=\"elementor-column elementor-col-100 elementor-top-column elementor-element elementor-element-0abb6a3\" data-id=\"0abb6a3\" data-element_type=\"column\">\n\t\t\t<div class=\"elementor-widget-wrap elementor-element-populated\">\n\t\t\t\t\t\t<div class=\"elementor-element elementor-element-c8abf89 elementor-widget elementor-widget-heading\" data-id=\"c8abf89\" data-element_type=\"widget\" data-widget_type=\"heading.default\">\n\t\t\t\t<div class=\"elementor-widget-container\">\n\t\t\t\t\t<h2 class=\"elementor-heading-title elementor-size-default\">Hakk\u0131m\u0131zda<\/h2>\t\t\t\t<\/div>\n\t\t\t\t<\/div>\n\t\t\t\t\t<\/div>\n\t\t<\/div>\n\t\t\t\t\t<\/div>\n\t\t<\/section>\n\t\t\t\t<section class=\"elementor-section elementor-top-section elementor-element elementor-element-f4be255 elementor-section-boxed elementor-section-height-default elementor-section-height-default wpr-particle-no wpr-jarallax-no wpr-parallax-no wpr-sticky-section-no\" data-id=\"f4be255\" data-element_type=\"section\">\n\t\t\t\t\t\t<div class=\"elementor-container elementor-column-gap-wide\">\n\t\t\t\t\t<div class=\"elementor-column elementor-col-50 elementor-top-column elementor-element elementor-element-0137ec8\" data-id=\"0137ec8\" data-element_type=\"column\">\n\t\t\t<div class=\"elementor-widget-wrap elementor-element-populated\">\n\t\t\t\t\t\t<section class=\"elementor-section elementor-inner-section elementor-element elementor-element-aab6700 elementor-section-boxed elementor-section-height-default elementor-section-height-default wpr-particle-no wpr-jarallax-no wpr-parallax-no wpr-sticky-section-no\" data-id=\"aab6700\" data-element_type=\"section\">\n\t\t\t\t\t\t<div class=\"elementor-container elementor-column-gap-default\">\n\t\t\t\t\t<div class=\"elementor-column elementor-col-50 elementor-inner-column elementor-element elementor-element-f0fb2eb\" data-id=\"f0fb2eb\" data-element_type=\"column\">\n\t\t\t<div class=\"elementor-widget-wrap elementor-element-populated\">\n\t\t\t\t\t\t<div class=\"elementor-element elementor-element-e2d4cf7 elementor-widget-divider--view-line elementor-widget elementor-widget-divider\" data-id=\"e2d4cf7\" data-element_type=\"widget\" data-widget_type=\"divider.default\">\n\t\t\t\t<div class=\"elementor-widget-container\">\n\t\t\t\t\t\t\t<div class=\"elementor-divider\">\n\t\t\t<span class=\"elementor-divider-separator\">\n\t\t\t\t\t\t<\/span>\n\t\t<\/div>\n\t\t\t\t\t\t<\/div>\n\t\t\t\t<\/div>\n\t\t\t\t\t<\/div>\n\t\t<\/div>\n\t\t\t\t<div class=\"elementor-column elementor-col-50 elementor-inner-column elementor-element elementor-element-047b102\" data-id=\"047b102\" data-element_type=\"column\">\n\t\t\t<div class=\"elementor-widget-wrap elementor-element-populated\">\n\t\t\t\t\t\t<div class=\"elementor-element elementor-element-85b288c elementor-widget elementor-widget-heading\" data-id=\"85b288c\" data-element_type=\"widget\" data-widget_type=\"heading.default\">\n\t\t\t\t<div class=\"elementor-widget-container\">\n\t\t\t\t\t<h2 class=\"elementor-heading-title elementor-size-default\">Hakk\u0131m\u0131zda<\/h2>\t\t\t\t<\/div>\n\t\t\t\t<\/div>\n\t\t\t\t\t<\/div>\n\t\t<\/div>\n\t\t\t\t\t<\/div>\n\t\t<\/section>\n\t\t\t\t<div class=\"elementor-element elementor-element-fce15ef elementor-widget elementor-widget-heading\" data-id=\"fce15ef\" data-element_type=\"widget\" data-widget_type=\"heading.default\">\n\t\t\t\t<div class=\"elementor-widget-container\">\n\t\t\t\t\t<h2 class=\"elementor-heading-title elementor-size-default\">Hakk\u0131m\u0131zda<\/h2>\t\t\t\t<\/div>\n\t\t\t\t<\/div>\n\t\t\t\t<div class=\"elementor-element elementor-element-9b7809c elementor-widget elementor-widget-text-editor\" data-id=\"9b7809c\" data-element_type=\"widget\" data-widget_type=\"text-editor.default\">\n\t\t\t\t<div class=\"elementor-widget-container\">\n\t\t\t\t\t\t\t\t\t<p class=\"\" data-start=\"124\" data-end=\"461\"><strong data-start=\"124\" data-end=\"148\">\u00c7elik Karde\u015fler Auto<\/strong>, 2019 y\u0131l\u0131nda <strong data-start=\"163\" data-end=\"178\">Recep \u00c7elik<\/strong> taraf\u0131ndan kurulmu\u015ftur. Kurulu\u015fumuzdan bu yana hedefimiz; ikinci el ara\u00e7 al\u0131m-sat\u0131m\u0131nda g\u00fcvenilir, \u015feffaf ve m\u00fc\u015fteri odakl\u0131 bir hizmet sunmak olmu\u015ftur. Y\u0131llar\u0131n verdi\u011fi tecr\u00fcbe ve sekt\u00f6rel bilgi birikimiyle, ara\u00e7 al\u0131m-sat\u0131m s\u00fcre\u00e7lerini sizin i\u00e7in kolay ve sorunsuz hale getiriyoruz.<\/p><p class=\"\" data-start=\"463\" data-end=\"750\">Her bir m\u00fc\u015fterimizin memnuniyetini \u00f6n planda tutarak, sadece sat\u0131\u015f de\u011fil, ayn\u0131 zamanda <strong data-start=\"550\" data-end=\"573\">dan\u0131\u015fmanl\u0131k hizmeti<\/strong> de veriyoruz. Sat\u0131n almak istedi\u011finiz arac\u0131n t\u00fcm ge\u00e7mi\u015f bilgilerini sizinle payla\u015f\u0131yor; <strong data-start=\"662\" data-end=\"713\">ekspertiz raporu, kilometre durumu, hasar kayd\u0131<\/strong> gibi t\u00fcm detaylar\u0131 a\u00e7\u0131k\u00e7a sunuyoruz.<\/p><p class=\"\" data-start=\"752\" data-end=\"1040\">Galerimizde yer alan t\u00fcm ara\u00e7lar, detayl\u0131 bir \u015fekilde kontrol edildikten sonra sat\u0131\u015fa \u00e7\u0131kar\u0131l\u0131r. Ara\u00e7lar\u0131m\u0131z\u0131n bak\u0131m ve temizlik i\u015flemleri titizlikle yap\u0131l\u0131r, b\u00f6ylece siz arac\u0131n\u0131z\u0131 teslim ald\u0131\u011f\u0131n\u0131zda sadece bir ara\u00e7 de\u011fil, <strong data-start=\"975\" data-end=\"1020\">g\u00fcvenle \u00e7\u0131kaca\u011f\u0131n\u0131z yeni bir yol arkada\u015f\u0131<\/strong> kazanm\u0131\u015f olursunuz.<\/p><p class=\"\" data-start=\"1042\" data-end=\"1278\"><strong data-start=\"1042\" data-end=\"1060\">Sahibinden.com<\/strong> \u00fczerindeki ma\u011fazam\u0131z arac\u0131l\u0131\u011f\u0131yla da ilanlar\u0131m\u0131z\u0131 g\u00fcncel olarak takip edebilir, detayl\u0131 bilgi ve g\u00f6rsellere ula\u015fabilirsiniz.<br data-start=\"1185\" data-end=\"1188\" \/>Ayr\u0131ca, sat\u0131\u015f sonras\u0131 destek hizmetlerimizle de her zaman yan\u0131n\u0131zda olmaya devam ediyoruz.<\/p><p class=\"\" data-start=\"1280\" data-end=\"1375\"><strong data-start=\"1280\" data-end=\"1304\">\u00c7elik Karde\u015fler Auto<\/strong> olarak temel ilkemiz:<br data-start=\"1326\" data-end=\"1329\" \/>\ud83d\udc49 <strong data-start=\"1332\" data-end=\"1375\">&#8220;Arac\u0131n\u0131z\u0131 de\u011fil, g\u00fcveninizi kazanmak.&#8221;<\/strong><\/p>\t\t\t\t\t\t\t\t<\/div>\n\t\t\t\t<\/div>\n\t\t\t\t\t<\/div>\n\t\t<\/div>\n\t\t\t\t<div class=\"elementor-column elementor-col-50 elementor-top-column elementor-element elementor-element-4ec2574 elementor-hidden-tablet elementor-hidden-mobile\" data-id=\"4ec2574\" data-element_type=\"column\">\n\t\t\t<div class=\"elementor-widget-wrap elementor-element-populated\">\n\t\t\t\t\t\t<div class=\"elementor-element elementor-element-ed32f6a elementor-widget elementor-widget-image\" data-id=\"ed32f6a\" data-element_type=\"widget\" data-widget_type=\"image.default\">\n\t\t\t\t<div class=\"elementor-widget-container\">\n\t\t\t\t\t\t\t\t\t\t\t\t\t\t\t<img fetchpriority=\"high\" decoding=\"async\" width=\"960\" height=\"640\" src=\"http:\/\/www.celikkardeslerauto.com\/wp-content\/uploads\/2025\/04\/luxurious-car-parked-highway-with-illuminated-headlight-sunset-1024x683.jpg\" class=\"attachment-large size-large wp-image-651\" alt=\"\" srcset=\"http:\/\/www.celikkardeslerauto.com\/wp-content\/uploads\/2025\/04\/luxurious-car-parked-highway-with-illuminated-headlight-sunset-1024x683.jpg 1024w, http:\/\/www.celikkardeslerauto.com\/wp-content\/uploads\/2025\/04\/luxurious-car-parked-highway-with-illuminated-headlight-sunset-300x200.jpg 300w, http:\/\/www.celikkardeslerauto.com\/wp-content\/uploads\/2025\/04\/luxurious-car-parked-highway-with-illuminated-headlight-sunset-768x512.jpg 768w, http:\/\/www.celikkardeslerauto.com\/wp-content\/uploads\/2025\/04\/luxurious-car-parked-highway-with-illuminated-headlight-sunset-1536x1024.jpg 1536w, http:\/\/www.celikkardeslerauto.com\/wp-content\/uploads\/2025\/04\/luxurious-car-parked-highway-with-illuminated-headlight-sunset-2048x1365.jpg 2048w\" sizes=\"(max-width: 960px) 100vw, 960px\" \/>\t\t\t\t\t\t\t\t\t\t\t\t\t\t\t<\/div>\n\t\t\t\t<\/div>\n\t\t\t\t\t<\/div>\n\t\t<\/div>\n\t\t\t\t\t<\/div>\n\t\t<\/section>\n\t\t\t\t<section class=\"elementor-section elementor-top-section elementor-element elementor-element-01c5c2a elementor-section-boxed elementor-section-height-default elementor-section-height-default wpr-particle-no wpr-jarallax-no wpr-parallax-no wpr-sticky-section-no\" data-id=\"01c5c2a\" data-element_type=\"section\">\n\t\t\t\t\t\t<div class=\"elementor-container elementor-column-gap-default\">\n\t\t\t\t\t<div class=\"elementor-column elementor-col-100 elementor-top-column elementor-element elementor-element-40f82cd\" data-id=\"40f82cd\" data-element_type=\"column\">\n\t\t\t<div class=\"elementor-widget-wrap elementor-element-populated\">\n\t\t\t\t\t\t<div class=\"elementor-element elementor-element-6f81105 elementor-widget elementor-widget-heading\" data-id=\"6f81105\" data-element_type=\"widget\" data-widget_type=\"heading.default\">\n\t\t\t\t<div class=\"elementor-widget-container\">\n\t\t\t\t\t<h2 class=\"elementor-heading-title elementor-size-default\"> 3 Ad\u0131mda Yeni Arac\u0131n\u0131za Kavu\u015fun<\/h2>\t\t\t\t<\/div>\n\t\t\t\t<\/div>\n\t\t\t\t<div class=\"elementor-element elementor-element-df4b0cb wpr-list-style-none elementor-widget elementor-widget-wpr-posts-timeline\" data-id=\"df4b0cb\" data-element_type=\"widget\" data-settings=\"{&quot;animation_offset&quot;:150,&quot;aos_animation_duration&quot;:600}\" data-widget_type=\"wpr-posts-timeline.default\">\n\t\t\t\t<div class=\"elementor-widget-container\">\n\t\t\t\t\t\n\t\t<div class=\"wpr-wrapper wpr-vertical wpr-centered\">\n\t\t\t<div class=\"wpr-timeline-centered wpr-line wpr-both-sided-timeline\"><div class=\"wpr-middle-line\"><\/div><div class=\"wpr-timeline-fill\" data-layout=\"centered\"><\/div><span class=\"wpr-year-wrap\"><span class=\"wpr-year-label wpr-year\"><\/span><\/span><article class=\"wpr-timeline-entry wpr-left-aligned elementor-repeater-item-d3e1954\" data-item-id=\"elementor-repeater-item-d3e1954\"><time class=\"wpr-extra-label\" data-aos=\"fade\" data-aos-left=\"\" data-aos-right=\"\" data-animation-offset=\"150\" data-animation-duration=\"600\"><span class=\"wpr-label\">Arac\u0131n\u0131z\u0131 Se\u00e7in<\/span><span class=\"wpr-sub-label\"> Arac\u0131n\u0131z\u0131 Belirleyin<\/span><\/time><div class=\"wpr-timeline-entry-inner\"><div class=\"wpr-main-line-icon wpr-icon\"><i aria-hidden=\"true\" class=\"far fa-flag\"><\/i><\/div><div class=\"wpr-story-info-vertical wpr-data-wrap \"  data-aos=\"fade\" data-aos-left=\"\" data-aos-right=\"\" data-animation-offset=\"150\" data-animation-duration=\"600\"><div class=\"wpr-timeline-content-wrapper\"><div class=\"wpr-content-wrapper\"><p class=\"wpr-title-wrap\"><span class=\"wpr-title\">Arac\u0131n\u0131z\u0131 Se\u00e7in<\/span><\/p><div class=\"wpr-description\"><p>Sahibinden ma\u011fazam\u0131zdan veya galerimizden size en uygun arac\u0131 se\u00e7in.<\/p><\/div><\/div><\/div><\/div>\n\t\t\t\t\t\t<\/div>\n\t\t\t\t<\/article><article class=\"wpr-timeline-entry wpr-right-aligned elementor-repeater-item-a1c6da2\" data-item-id=\"elementor-repeater-item-a1c6da2\"><time class=\"wpr-extra-label\" data-aos=\"fade\" data-aos-left=\"\" data-aos-right=\"\" data-animation-offset=\"150\" data-animation-duration=\"600\"><span class=\"wpr-sub-label\">H\u0131zl\u0131ca \u0130leti\u015fime Ge\u00e7in<\/span><\/time><div class=\"wpr-timeline-entry-inner\"><div class=\"wpr-main-line-icon wpr-icon\"><i aria-hidden=\"true\" class=\"far fa-paper-plane\"><\/i><\/div><div class=\"wpr-story-info-vertical wpr-data-wrap \"  data-aos=\"fade\" data-aos-left=\"\" data-aos-right=\"\" data-animation-offset=\"150\" data-animation-duration=\"600\"><div class=\"wpr-timeline-content-wrapper\"><div class=\"wpr-content-wrapper\"><p class=\"wpr-title-wrap\"><span class=\"wpr-title\">Bize Ula\u015f\u0131n<\/span><\/p><div class=\"wpr-description\"><p>Telefon, WhatsApp veya ileti\u015fim formu \u00fczerinden bizimle kolayca ileti\u015fime ge\u00e7in. Size \u00f6zel fiyat ve bilgi verelim.<\/p><\/div><\/div><\/div><\/div>\n\t\t\t\t\t\t<\/div>\n\t\t\t\t<\/article><span class=\"wpr-year-wrap\"><span class=\"wpr-year-label wpr-year\"><\/span><\/span><article class=\"wpr-timeline-entry wpr-left-aligned elementor-repeater-item-9d0a4bd\" data-item-id=\"elementor-repeater-item-9d0a4bd\"><time class=\"wpr-extra-label\" data-aos=\"fade\" data-aos-left=\"\" data-aos-right=\"\" data-animation-offset=\"150\" data-animation-duration=\"600\"><span class=\"wpr-label\">Arac\u0131n\u0131z\u0131 Teslim Al\u0131n<\/span><span class=\"wpr-sub-label\">G\u00fcvenle Teslim Al\u0131n<\/span><\/time><div class=\"wpr-timeline-entry-inner\"><div class=\"wpr-main-line-icon wpr-icon\"><i aria-hidden=\"true\" class=\"far fa-lightbulb\"><\/i><\/div><div class=\"wpr-story-info-vertical wpr-data-wrap \"  data-aos=\"fade\" data-aos-left=\"\" data-aos-right=\"\" data-animation-offset=\"150\" data-animation-duration=\"600\"><div class=\"wpr-timeline-content-wrapper\"><div class=\"wpr-content-wrapper\"><p class=\"wpr-title-wrap\"><span class=\"wpr-title\">G\u00fcvenle Teslim Al\u0131n<\/span><\/p><div class=\"wpr-description\"><p>T\u00fcm i\u015flemler \u015feffaf ve h\u0131zl\u0131 \u015fekilde tamamlan\u0131r. Dilerseniz yerinde teslim veya plaka i\u015flemlerinde destek sa\u011flan\u0131r.<\/p><\/div><\/div><\/div><\/div>\n\t\t\t\t\t\t<\/div>\n\t\t\t\t<\/article><\/div>    \n\t\t\t<\/div>\t\t\t\t<\/div>\n\t\t\t\t<\/div>\n\t\t\t\t\t<\/div>\n\t\t<\/div>\n\t\t\t\t\t<\/div>\n\t\t<\/section>\n\t\t\t\t<section class=\"elementor-section elementor-top-section elementor-element elementor-element-aa5fffe elementor-section-boxed elementor-section-height-default elementor-section-height-default wpr-particle-no wpr-jarallax-no wpr-parallax-no wpr-sticky-section-no\" data-id=\"aa5fffe\" data-element_type=\"section\" data-settings=\"{&quot;background_background&quot;:&quot;classic&quot;}\">\n\t\t\t\t\t\t\t<div class=\"elementor-background-overlay\"><\/div>\n\t\t\t\t\t\t\t<div class=\"elementor-container elementor-column-gap-default\">\n\t\t\t\t\t<div class=\"elementor-column elementor-col-100 elementor-top-column elementor-element elementor-element-79a5664\" data-id=\"79a5664\" data-element_type=\"column\">\n\t\t\t<div class=\"elementor-widget-wrap elementor-element-populated\">\n\t\t\t\t\t\t<div class=\"elementor-element elementor-element-7212154 elementor-widget elementor-widget-heading\" data-id=\"7212154\" data-element_type=\"widget\" data-widget_type=\"heading.default\">\n\t\t\t\t<div class=\"elementor-widget-container\">\n\t\t\t\t\t<h2 class=\"elementor-heading-title elementor-size-default\">Hayalinizdeki ara\u00e7 sadece bir t\u0131k uza\u011f\u0131n\u0131zda!<\/h2>\t\t\t\t<\/div>\n\t\t\t\t<\/div>\n\t\t\t\t<div class=\"elementor-element elementor-element-ad1bf14 elementor-widget elementor-widget-text-editor\" data-id=\"ad1bf14\" data-element_type=\"widget\" data-widget_type=\"text-editor.default\">\n\t\t\t\t<div class=\"elementor-widget-container\">\n\t\t\t\t\t\t\t\t\t<p>Her b\u00fct\u00e7eye ve ihtiyaca uygun, temiz ve ekspertizli ara\u00e7 se\u00e7eneklerimizi inceleyin.<br data-start=\"184\" data-end=\"187\" \/>Siz de g\u00fcvenilir bir ikinci el ara\u00e7 ar\u0131yorsan\u0131z, do\u011fru yerdesiniz.<br data-start=\"253\" data-end=\"256\" \/>T\u00fcm ilanlar\u0131m\u0131za <strong data-start=\"273\" data-end=\"304\">Sahibinden.com ve Arabam.com ma\u011fazam\u0131zdan<\/strong> kolayca ula\u015fabilirsiniz.<\/p>\t\t\t\t\t\t\t\t<\/div>\n\t\t\t\t<\/div>\n\t\t\t\t<section class=\"elementor-section elementor-inner-section elementor-element elementor-element-7a2a7f4 elementor-section-boxed elementor-section-height-default elementor-section-height-default wpr-particle-no wpr-jarallax-no wpr-parallax-no wpr-sticky-section-no\" data-id=\"7a2a7f4\" data-element_type=\"section\">\n\t\t\t\t\t\t<div class=\"elementor-container elementor-column-gap-default\">\n\t\t\t\t\t<div class=\"elementor-column elementor-col-100 elementor-inner-column elementor-element elementor-element-7c9a795\" data-id=\"7c9a795\" data-element_type=\"column\">\n\t\t\t<div class=\"elementor-widget-wrap elementor-element-populated\">\n\t\t\t\t\t\t<div class=\"elementor-element elementor-element-8603911 wpr-button-icon-style-inline wpr-button-icon-position-right elementor-widget elementor-widget-wpr-button\" data-id=\"8603911\" data-element_type=\"widget\" data-widget_type=\"wpr-button.default\">\n\t\t\t\t<div class=\"elementor-widget-container\">\n\t\t\t\t\t\t\n\t\t\t\n\t\t\n\t\t<div class=\"wpr-button-wrap elementor-clearfix\">\n\t\t<a class=\"wpr-button wpr-button-effect wpr-button-none\" data-text=\"\" href=\"https:\/\/celikkardeslerauto26.sahibinden.com\/vasita\">\n\t\t\t\n\t\t\t<span class=\"wpr-button-content\">\n\t\t\t\t\t\t\t\t\t<span class=\"wpr-button-text\">Ara\u00e7lar\u0131m\u0131za G\u00f6z At\u0131n<\/span>\n\t\t\t\t\t\t\t\t\n\t\t\t\t\t\t\t<\/span>\n\t\t<\/a>\n\n\t\t\t\t<\/div>\n\t\n\t\n\t\t\t\t\t<\/div>\n\t\t\t\t<\/div>\n\t\t\t\t\t<\/div>\n\t\t<\/div>\n\t\t\t\t\t<\/div>\n\t\t<\/section>\n\t\t\t\t\t<\/div>\n\t\t<\/div>\n\t\t\t\t\t<\/div>\n\t\t<\/section>\n\t\t\t\t<\/div>\n\t\t","protected":false},"excerpt":{"rendered":"<p>Hakk\u0131m\u0131zda Hakk\u0131m\u0131zda Hakk\u0131m\u0131zda \u00c7elik Karde\u015fler Auto, 2019 y\u0131l\u0131nda Recep \u00c7elik taraf\u0131ndan kurulmu\u015ftur. Kurulu\u015fumuzdan bu yana hedefimiz; ikinci el ara\u00e7 al\u0131m-sat\u0131m\u0131nda g\u00fcvenilir, \u015feffaf ve m\u00fc\u015fteri odakl\u0131 bir hizmet sunmak olmu\u015ftur. Y\u0131llar\u0131n verdi\u011fi tecr\u00fcbe ve sekt\u00f6rel bilgi birikimiyle, ara\u00e7 al\u0131m-sat\u0131m s\u00fcre\u00e7lerini sizin i\u00e7in kolay ve sorunsuz hale getiriyoruz. Her bir m\u00fc\u015fterimizin memnuniyetini \u00f6n planda tutarak, sadece sat\u0131\u015f de\u011fil, ayn\u0131 zamanda dan\u0131\u015fmanl\u0131k hizmeti de veriyoruz. Sat\u0131n almak istedi\u011finiz arac\u0131n t\u00fcm ge\u00e7mi\u015f bilgilerini sizinle payla\u015f\u0131yor; ekspertiz raporu, kilometre durumu, hasar kayd\u0131 gibi t\u00fcm detaylar\u0131 a\u00e7\u0131k\u00e7a sunuyoruz. Galerimizde yer alan t\u00fcm ara\u00e7lar, detayl\u0131 bir \u015fekilde kontrol edildikten sonra sat\u0131\u015fa \u00e7\u0131kar\u0131l\u0131r. Ara\u00e7lar\u0131m\u0131z\u0131n bak\u0131m ve temizlik i\u015flemleri titizlikle yap\u0131l\u0131r, b\u00f6ylece siz arac\u0131n\u0131z\u0131 teslim ald\u0131\u011f\u0131n\u0131zda sadece bir ara\u00e7 de\u011fil, g\u00fcvenle \u00e7\u0131kaca\u011f\u0131n\u0131z yeni bir yol arkada\u015f\u0131 kazanm\u0131\u015f olursunuz. Sahibinden.com \u00fczerindeki ma\u011fazam\u0131z arac\u0131l\u0131\u011f\u0131yla da ilanlar\u0131m\u0131z\u0131 g\u00fcncel olarak takip edebilir, detayl\u0131 bilgi ve g\u00f6rsellere ula\u015fabilirsiniz.Ayr\u0131ca, sat\u0131\u015f sonras\u0131 destek hizmetlerimizle de her zaman yan\u0131n\u0131zda olmaya devam ediyoruz. \u00c7elik Karde\u015fler Auto olarak temel ilkemiz:\ud83d\udc49 &#8220;Arac\u0131n\u0131z\u0131 de\u011fil, g\u00fcveninizi kazanmak.&#8221; 3 Ad\u0131mda Yeni Arac\u0131n\u0131za Kavu\u015fun Arac\u0131n\u0131z\u0131 Se\u00e7in Arac\u0131n\u0131z\u0131 Belirleyin Arac\u0131n\u0131z\u0131 Se\u00e7in Sahibinden ma\u011fazam\u0131zdan veya galerimizden size en uygun arac\u0131 se\u00e7in. H\u0131zl\u0131ca \u0130leti\u015fime Ge\u00e7in Bize Ula\u015f\u0131n Telefon, WhatsApp veya ileti\u015fim formu \u00fczerinden bizimle kolayca ileti\u015fime ge\u00e7in. Size \u00f6zel fiyat ve bilgi verelim. Arac\u0131n\u0131z\u0131 Teslim Al\u0131nG\u00fcvenle Teslim Al\u0131n G\u00fcvenle Teslim Al\u0131n T\u00fcm i\u015flemler \u015feffaf ve h\u0131zl\u0131 \u015fekilde tamamlan\u0131r. Dilerseniz yerinde teslim veya plaka i\u015flemlerinde destek sa\u011flan\u0131r. Hayalinizdeki ara\u00e7 sadece bir t\u0131k uza\u011f\u0131n\u0131zda! Her b\u00fct\u00e7eye ve ihtiyaca uygun, temiz ve ekspertizli ara\u00e7 se\u00e7eneklerimizi inceleyin.Siz de g\u00fcvenilir bir ikinci el ara\u00e7 ar\u0131yorsan\u0131z, do\u011fru yerdesiniz.T\u00fcm ilanlar\u0131m\u0131za Sahibinden.com ve Arabam.com ma\u011fazam\u0131zdan kolayca ula\u015fabilirsiniz. Ara\u00e7lar\u0131m\u0131za G\u00f6z At\u0131n<\/p>\n","protected":false},"author":1,"featured_media":0,"parent":0,"menu_order":0,"comment_status":"closed","ping_status":"closed","template":"elementor_canvas","meta":{"footnotes":""},"class_list":["post-527","page","type-page","status-publish","hentry"],"_links":{"self":[{"href":"https:\/\/www.celikkardeslerauto.com\/index.php?rest_route=\/wp\/v2\/pages\/527","targetHints":{"allow":["GET"]}}],"collection":[{"href":"https:\/\/www.celikkardeslerauto.com\/index.php?rest_route=\/wp\/v2\/pages"}],"about":[{"href":"https:\/\/www.celikkardeslerauto.com\/index.php?rest_route=\/wp\/v2\/types\/page"}],"author":[{"embeddable":true,"href":"https:\/\/www.celikkardeslerauto.com\/index.php?rest_route=\/wp\/v2\/users\/1"}],"replies":[{"embeddable":true,"href":"https:\/\/www.celikkardeslerauto.com\/index.php?rest_route=%2Fwp%2Fv2%2Fcomments&post=527"}],"version-history":[{"count":10,"href":"https:\/\/www.celikkardeslerauto.com\/index.php?rest_route=\/wp\/v2\/pages\/527\/revisions"}],"predecessor-version":[{"id":772,"href":"https:\/\/www.celikkardeslerauto.com\/index.php?rest_route=\/wp\/v2\/pages\/527\/revisions\/772"}],"wp:attachment":[{"href":"https:\/\/www.celikkardeslerauto.com\/index.php?rest_route=%2Fwp%2Fv2%2Fmedia&parent=527"}],"curies":[{"name":"wp","href":"https:\/\/api.w.org\/{rel}","templated":true}]}}